Is 35486 a multiple of 11?
True
Is 152 a factor of 115976?
True
Is 3803240 a multiple of 1156?
True
Is 13202468 a multiple of 113?
True
Is 72 a factor of 694152?
True
Is 942 a factor of 1560894?
True
Is 341 a factor of 1379345?
True
Is 11 a factor of 110951?
False
Is 25 a factor of 803875?
True
Does 38 divide 6698288?
False
Is 26 a factor of 507980?
False
Is 261576 a multiple of 173?
True
Is 4300216 a multiple of 13?
False
Does 22 divide 1520070?
False
Does 134 divide 5587576?
False
Does 13 divide 115699?
False
Is 394 a factor of 2987266?
False
Does 23 divide 306581?
False
Is 28 a factor of 89572?
True
Does 600 divide 1053000?
True
Is 6 a factor of 325923?
False
Is 732984 a multiple of 56?
True
Is 22618102 a multiple of 309?
False
Is 25 a factor of 22525?
True
Is 853 a factor of 679841?
True
Is 405060 a multiple of 60?
True
Is 45 a factor of 199025?
False
Does 21 divide 198765?
True
Is 19277 a multiple of 7?
False
Does 257 divide 3227588?
False
Is 1689780 a multiple of 969?
False
Does 135 divide 60750?
True
Does 109 divide 2633596?
False
Does 241 divide 117294?
False
Is 3 a factor of 117138?
True
Does 765 divide 20020815?
True
Is 80 a factor of 371520?
True
Is 610502 a multiple of 5?
False
Does 821 divide 5998497?
False
Does 2 divide 247776?
True
Is 372 a factor of 1411719?
False
Is 2 a factor of 116581?
False
Is 30258 a multiple of 11?
False
Is 1138 a factor of 2255406?
False
Is 2282741 a multiple of 43?
True
Is 31567 a multiple of 5?
False
Does 1671 divide 18668412?
True
Is 1151595 a multiple of 45?
True
Is 27 a factor of 245987?
False
Does 264 divide 11044800?
False
Is 4 a factor of 2512632?
True
Does 74 divide 207052?
True
Is 392051 a multiple of 11?
True
Is 12 a factor of 67455?
False
Is 1393 a factor of 4234720?
True
Is 1094645 a multiple of 185?
True
Is 10 a factor of 261068?
False
Is 185 a factor of 552122?
False
Is 22 a factor of 2095874?
True
Does 79 divide 228152?
True
Does 45 divide 89401?
False
Is 245 a factor of 1210545?
True
Is 184 a factor of 200710?
False
Is 1872679 a multiple of 313?
True
Is 190600 a multiple of 179?
False
Does 12 divide 193932?
True
Is 8 a factor of 1064861?
False
Is 3915171 a multiple of 981?
True
Does 8 divide 2060437?
False
Is 360 a factor of 147513?
False
Is 563363 a multiple of 527?
True
Is 384559 a multiple of 215?
False
Is 385756 a multiple of 46?
True
Is 270 a factor of 136080?
True
Does 38 divide 501057?
False
Does 109 divide 1596576?
False
Does 41 divide 39142?
False
Is 269348 a multiple of 17?
True
Is 24 a factor of 861794?
False
Is 51454 a multiple of 351?
False
Does 131 divide 428543?
False
Is 164 a factor of 14969784?
False
Is 14853444 a multiple of 17?
True
Does 268 divide 7226620?
True
Does 8 divide 1625699?
False
Is 50 a factor of 494577?
False
Is 547 a factor of 28991?
True
Does 62 divide 117862?
True
Is 132 a factor of 252825?
False
Does 4 divide 7651215?
False
Is 1433184 a multiple of 48?
True
Is 718403 a multiple of 48?
False
Is 37103 a multiple of 35?
False
Is 21 a factor of 21068?
False
Is 177 a factor of 327450?
True
Does 201 divide 118454?
False
Is 7371945 a multiple of 70?
False
Does 15 divide 27435113?
False
Does 208 divide 1170784?
False
Is 1123565 a multiple of 89?
False
Does 146 divide 439898?
True
Is 182 a factor of 296534?
False
Does 122 divide 981856?
True
Does 37 divide 165869?
False
Is 113374 a multiple of 301?
False
Is 21623440 a multiple of 890?
True
Is 920950 a multiple of 268?
False
Is 2 a factor of 34702?
True
Is 11 a factor of 2117093?
True
Is 376 a factor of 707632?
True
Is 341618 a multiple of 48?
False
Is 247392 even?
True
Does 5 divide 441145?
True
Does 29 divide 401091?
False
Is 235390 a multiple of 367?
False
Is 2497740 a multiple of 190?
True
Is 1120 a factor of 817818?
False
Is 6 a factor of 39870?
True
Is 7979976 a multiple of 274?
True
Is 17379202 a multiple of 1290?
False
Does 263 divide 951008?
True
Does 60 divide 358980?
True
Is 18 a factor of 221218?
False
Does 1339 divide 990727?
False
Is 93 a factor of 54150?
False
Is 18264 a multiple of 6?
True
Is 174536 a multiple of 18?
False
Is 398400 a multiple of 960?
True
Does 276 divide 272050?
False
Does 88 divide 24953164?
False
Is 11 a factor of 142076?
True
Is 779816 a multiple of 428?
True
Does 32 divide 126670?
False
Is 231762 a multiple of 361?
True
Is 11048372 a multiple of 92?
True
Does 73 divide 52414?
True
Does 12 divide 207528?
True
Is 16993 a multiple of 52?
False
Does 501 divide 2957403?
True
Is 35371 a multiple of 7?
True
Is 24516325 a multiple of 618?
False
Does 38 divide 2304282?
True
Is 68 a factor of 1658334?
False
Is 594825 a multiple of 277?
False
Is 1440021 a multiple of 110?
False
Is 12 a factor of 1802244?
True
Is 157 a factor of 1747630?
False
Is 47 a factor of 194909?
True
Does 181 divide 138598?
False
Is 11587947 a multiple of 73?
True
Is 123129 a multiple of 3?
True
Is 4307788 a multiple of 41?
True
Is 23 a factor of 2236708?
False
Is 441 a factor of 6619003?
False
Is 1542097 a multiple of 33?
False
Is 731253 a multiple of 19?
True
Is 9893604 a multiple of 19?
True
Does 37 divide 9228207?
True
Is 496512 a multiple of 16?
True
Is 65 a factor of 271440?
True
Is 71 a factor of 160130?
False
Is 3329297 a multiple of 176?
False
Is 125 a factor of 22875?
True
Is 5785690 a multiple of 12?
False
Does 24 divide 63672?
True
Is 379 a factor of 133576?
False
Is 69 a factor of 317538?
True
Is 10 a factor of 33533300?
True
Is 14 a factor of 1722934?
False
Is 412 a factor of 9057672?
False
Is 60 a factor of 63420?
True
Is 2629206 a multiple of 807?
True
Is 98 a factor of 383637?
False
Is 28 a factor of 487060?
True
Is 24 a factor of 41976?
True
Does 210 divide 741?
False
Is 9842000 a multiple of 350?
True
Is 289 a factor of 729725?
True
Does 53 divide 23373?
True
Is 426 a factor of 1508466?
True
Is 5801 a multiple of 163?
False
Is 38927 a multiple of 16?
False
Does 8 divide 1397490?
False
Is 119 a factor of 5646017?
False
Is 5 a factor of 905825?
True
Is 3690618 a multiple of 12?
False
Does 10 divide 113570?
True
Is 133 a factor of 323456?
True
Is 372225 a multiple of 105?
True
Does 74 divide 72616?
False
Does 16 divide 116398?
False
Is 98783 a multiple of 173?
True
Is 415 a factor of 443183?
False
Does 26 divide 4258444?
False
Does 174 divide 3569436?
True
Does 56 divide 1605240?
True
Is 5 a factor of 85700?
True
Is 4456023 a multiple of 221?
True
Does 43 divide 327832?
True
Does 5 divide 1603680?
True
Does 533 divide 995694?
False
Does 1107 divide 1434495?
False
Does 8 divide 992872?
True
Does 27 divide 24010398?
True
Is 391058 a multiple of 654?
False
Is 94049 even?
False
Does 3 divide 27895?
False
Is 27609 a multiple of 342?
False
Is 58 a factor of 1156268?
False
Does 103 divide 6821296?
False
Is 549 a factor of 3907782?
True
Is 3092899 a multiple of 239?
True
Does 9 divide 2829645?
True
Does 38 divide 316505?
False
Does 96 divide 896708?
False
Is 92230 a multiple of 10?
True
Is 600936 a multiple of 196?
True
Does 94 divide 1556264?
True
Is 140032 a multiple of 57?
False
Does 87 divide 73080?
True
Is 3 a factor of 263731?
False
Is 204 a factor of 88823?
False
Is 71 a factor of 456589?
False
Is 7 a factor of 113946?
True
Is 97 a factor of 3134108?
False
Is 162480 a multiple of 20?
True
Is 92033 even?
False
Does 5 divide 85295?
True
Does 259 divide 1778622?
False
Is 1063524 a multiple of 21?
True
Is 170857 a multiple of 161?
False
Is 11 a factor of 155628?
True
Is 428 a multiple of 52?
False
Is 24543384 a multiple of 1412?
True
Is 215 a factor of 74175?
True
Is 3906911 a multiple of 3?
False
Does 21 divide 80013?
False
Does 35 divide 491976?
False
Is 33350 a multiple of 29?
True
Is 503259 a multiple of 10?
False
Is 1070 a factor of 1084752?
False
Does 38 divide 2694770?
True
Is 3752 a multiple of 268?
True
Does 495 divide 926640?
True
Does 103 divide 159135?
True
Is 71130 a multiple of 15?
True
Does 21 divide 304374?
True
Is 88 a factor of 7801862?
False
Does 171 divide 3624713?
False
Is 3831130 a multiple of 352?
False
Is 3070785 a multiple of 99?
False
Does 31 divide 502712?
False
Is 196448 a multiple of 125?
False
Is 4036229 a multiple of 49?
False
Does 282 divide 14106204?
True
Is 9839872 a multiple of 76?
True
Does 20 divide 5147520?
True
Does 19 divide 26067240?
True
Is 37 a factor of 